ainder when a is divided by 21?
6
Suppose 3*j - 3651 = y, -3657 = -540*j + 537*j + 3*y. What is the remainder when j is divided by 197?
34
Suppose 61*f + 218140 = 805570. Calculate the remainder when f is divided by 112.
110
Let m be 2226/3 + 21/21. Suppose 9*r - 22 = m. Calculate the remainder when r is divided by 23.
16
Let t(u) = u**2 + u - 133. Let y be t(0). Let q = -22 + 29. What is the remainder when ((-2)/(-4)*4)/((-14)/y) is divided by q?
5
Let d(z) be the first derivative of -7*z**3/3 + 45*z**2/2 + 6*z + 23. Let x = -61 + 75. What is the remainder when d(6) is divided by x?
10
Let j(s) = 2*s**2 - 45*s + 68. Calculate the remainder when 1719 is divided by j(21).
4
Let j = 0 - -4. Suppose 0*v = -4*v - 5*l + 45, -v + j*l = -27. Let x = 63 + -34. What is the remainder when x is divided by v?
14
Let r(z) = -z**2 - 9*z - 5. Let n(m) = -2*m**2 + 4*m + 3. Suppose -6*v = -v - 15. Let t be n(v). What is the remainder when 77 is divided by r(t)?
12
Suppose 3*k - 15 = 0, 5*p - 160 = -8*k + 10*k. Let q = p + 10. Calculate the remainder when q is divided by 35.
9
Suppose 0 = l - 7*l - 1224. Let v be 4/(-22) - l/33. Suppose v*n - 1024 = -2*n. What is the remainder when n is divided by 43?
42
Let n = -132 - -212. Calculate the remainder when 37 is divided by n/48*(-1 - -4).
2
Let h = 11832 + -11662. What is the remainder when 848 is divided by h?
168
Suppose 5*h - 16*p - 293 = -15*p, -h + 46 = 4*p. Suppose 4*i + q - 36 = -3*q, -q - 3 = -i. Calculate the remainder when h is divided by i.
4
Suppose 3*t = 5*t + 2. Let a be (t + 11 - -2)*8/16. Suppose -4*j = -a - 2. What is the remainder when 8 is divided by j?
0
Suppose 3*u + 13 - 15 = -2*d, -35 = -5*u + 3*d. Suppose 3*v - 14 = u*p + 30, 3*v - 34 = -p. Calculate the remainder when 107 is divided by v.
11
Let n(h) = h - 9. Suppose 3*g + 1 + 47 = 3*o, 4*g = -4*o + 48. What is the remainder when 33 is divided by n(o)?
3
Let a(z) = 5*z**2 - 34*z - 92. What is the remainder when a(-9) is divided by 31?
30
Let f be -3*(24/9)/(-1). Suppose 5*m = -3*j + 161 + 2975, 3128 = 5*m - j. Suppose -f*c + 2362 = m. What is the remainder when c is divided by 55?
52
Let w(d) = -192*d + 161. Calculate the remainder when w(-6) is divided by 12.
5
Calculate the remainder when (-5 - 0)/(250/(-350950)) is divided by 78.
77
Let l = -403 - -478. Calculate the remainder when 2472 is divided by l.
72
Let r(o) = -42*o - 474. What is the remainder when r(-15) is divided by 91?
65
Let r(l) = 40*l - 69. Calculate the remainder when 3518 is divided by r(3).
50
Let x = 15 - 17. Let v be (602/x + 1 - 0) + 3. What is the remainder when v/(-6)*14/7 is divided by 20?
19
Let v(p) be the second derivative of p**3/2 + 351*p**2/2 + 11*p + 3. Calculate the remainder when v(12) is divided by 65.
62
Let a(g) = 5*g - 6. Let w(n) = -2*n - 8. Let h be w(-7). Let z be 14/21 + 14/h. Calculate the remainder when 25 is divided by a(z).
7
Let b(d) = 233*d + 11688. Suppose h = -4*h. Suppose h = -y - 4*y + 560. Calculate the remainder when y is divided by b(-50).
36
What is the remainder when 209 is divided by (-134)/(-335) + (-268)/(-5)?
47
Let f(j) = 35*j - 11. Let k be f(1). Suppose k*z = 5*z + 1444. Suppose z = i + 2*i - 4*n, -60 = -2*i + 5*n. What is the remainder when i is divided by 6?
2
Let v = -4303 - -4326. What is the remainder when 388 is divided by v?
20
Let d(f) = -f**2 + 101*f - 60. Calculate the remainder when d(95) is divided by 24.
6
Let t(g) = -5*g + 19. Let a(h) = 2*h. Let n be a(-3). Calculate the remainder when t(n) is divided by 254/10 + (-5)/((-75)/9).
23
Suppose 4*s + 8314 = 8*s - 6*f, 4*f = 4*s - 8324. What is the remainder when s is divided by 95?
91
Suppose -3*g - 345 = -426. Suppose -3*b + g + 45 = 0. What is the remainder when 35 is divided by b?
11
Suppose -4 = -g - 2. Suppose -g*m + 18 + 48 = 0. What is the remainder when 195 is divided by m?
30
Let y(n) = -9*n**2 - 11*n + 9. Let o(w) = 25*w**2 + 32*w - 25. Let x(f) = 3*o(f) + 8*y(f). Calculate the remainder when x(-5) is divided by 17.
15
Let v(g) = 22*g + 9. Suppose 48 = -11*z + 17*z. What is the remainder when v(z) is divided by 17?
15
Suppose 0 = 2*s - 2 - 2. Let q(w) = 4*w**2 + 3*w - 2 + s*w**3 + 4*w**3 - 9*w**3 - 3*w**2. Calculate the remainder when q(-3) is divided by 16.
15
Let o = -2987 + 3052. Suppose 4*i - 130 = 14. Calculate the remainder when o is divided by i.
29
Let q(p) = 3*p + 20. Let z be q(-8). Let l(w) = w**3 + 7*w**2 + 3*w - 23. What is the remainder when 37 is divided by l(z)?
11
Suppose 15034 - 14198 = 67*n - 36818. Calculate the remainder when n is divided by 166.
64
Suppose -3*l + 3232 = 2*o, 47*o - 43*o - 6478 = l. What is the remainder when o is divided by 1619?
0
Let g = -37 - -61. What is the remainder when 2/((-24)/(-255))*(-3 + 4)*4 is divided by g?
13
Suppose 0 = 758*j - 755*j - 171. Calculate the remainder when 1821 is divided by j.
54
Let d = 6444 + -5187. What is the remainder when d is divided by 253?
245
Suppose -4*v + 72 = -42*w + 40*w, -v - w + 21 = 0. Let o = 60 + 26. What is the remainder when o is divided by v?
10
Let y(f) = -f**2 + 15*f + 1095. What is the remainder when 719 is divided by y(-26)?
23
Suppose -9544 = -23*u + 5025 + 2750. What is the remainder when u is divided by 36?
33
Suppose 2*m = 4*m + 10. Let x be ((-15)/(-9))/(m/1890). What is the remainder when 39 is divided by (-4)/6 - x/54?
6
Let a = 8871 + -8663. Calculate the remainder when 648 is divided by a.
24
Let l = -73 + 153. Let j be ((-11)/55)/((-2)/30)*-261. Calculate the remainder when l is divided by (j/(-145))/(2/10).
26
Let i = -350 + 347. Let b(x) = 3*x**2 + 11*x + 26. What is the remainder when 157 is divided by b(i)?
17
Let n = -1172 - -1187. Calculate the remainder when 52 is divided by n.
7
Suppose 77 + 19 = 6*l. Let c = 93 - 42. Let q = 114 - c. What is the remainder when q is divided by l?
15
Let m(v) = -7*v**2 + 315*v + 66. Let k be m(45). Suppose -n - 25 - 14 = -4*c, 0 = 2*n + 2*c + 98. Let h = k + n. What is the remainder when h is divided by 13?
6
Let q be (-16)/(3 + 5) + 279. Suppose 0 = 8*f - 445 + q. Calculate the remainder when 141 is divided by f.
15
Let m be 554/(-22) + 22/121. Let o(k) = 6*k**2 + 4*k + 2. Calculate the remainder when o(-2) is divided by (m/20 - 0)*-8.
8
Let n(x) be the third derivative of 5*x**5/12 - 5*x**3/3 - 2*x**2. Let j(m) be the first derivative of n(m). What is the remainder when j(2) is divided by 35?
30
Let l(d) = d**3 + 139*d**2 - 1491*d - 23. What is the remainder when l(-149) is divided by (43/2)/(3/6)?
40
Let n = 49 + -45. Suppose -9 + n = -y. Suppose 8*z - 6*z = 40. Calculate the remainder when z is divided by y.
0
Let d(w) = 47*w - 6. Let u(x) = -46*x**2 - 65*x + 9. What is the remainder when d(4) is divided by u(-1)?
14
Suppose 6 = 12*l - 18. Let w(d) = 4*d**3 - 2*d**2 + 3*d - 3. What is the remainder when 402 is divided by w(l)?
24
Suppose -977 = -2*b + 3*w, -w - 424 - 67 = -b. What is the remainder when b is divided by 107?
68
Suppose -34*z + 10927 - 29117 = 0. Let j = -509 - z. What is the remainder when 122 is divided by j?
18
Suppose -b = -0*b - 14. Let t = -365884 - -365931. What is the remainder when t is divided by b?
5
Suppose 3*k = k + 42. Suppose 2*s = -3*o + 15, -2*s - 4*o = -5*s - 20. Suppose s = -g + k. Calculate the remainder when 81 is divided by g.
18
Suppose 3*a - 154 + 35 = -t, 3*a = 3*t - 321. What is the remainder when 1096 is divided by t?
106
Let g = -414 - -435. Suppose -23*f + g*f = -96. Calculate the remainder when 88 is divided by f.
40
Let u = -134 + 147. Let n be (8/3)/(14/21). Calculate the remainder when -4 + 0 + n + 114 is divided by u.
10
Let n be 0/(-6) + (1 - -1). Let s = -446 + 521. Calculate the remainder when s is divided by 16 + ((-10)/(-15))/(n/(-9)).
10
What is the remainder when 1615 is divided by 14 - 50/5 - 1/((-1)/1589)?
22
Suppose -x = 15*x - 48. Suppose -5*s = -2*t + 7*t - 80, x*s = 4*t - 78. Calculate the remainder when t is divided by 12.
6
Let c(a) = -275*a - 685. Calculate the remainder when c(-3) is divided by 8.
4
Let y = 8015 - 7732. Calculate the remainder when y is divided by 8.
3
Let h(d) = 33*d - 8*d - 12*d - 10*d - 3. Let q(l) = l**3 + 2*l**2 - 2*l - 1. Calculate the remainder when q(3) is divided by h(2).
2
Let h(n) = 2*n**2 + 5*n - 67. Calculate 